 = d**3 - 8*d**2 + 14*d - 2. Let t be i(5). Let x be a(t). What is the highest common factor of x and 32?
8
Suppose -3*p = -5*m + 2345, -m = 5*p - 410 - 87. Let j = m - 335. Suppose 0 = 4*f - j + 17. What is the highest common divisor of 40 and f?
10
Let j(c) = -c**3 - 12*c**2 + 6*c + 11. Let k be j(-13). Let s = -80 + k. What is the highest common divisor of s and 110?
22
Let c be 16/20*2730/56. Calculate the highest common factor of c and 4173.
39
Let t = -15498 - -23289. Calculate the highest common factor of t and 159.
159
Let m(b) = b**2 - 3*b. Let j be m(3). Suppose j = -6*x + x + 1850. Let n be (74/5)/(162/405). Calculate the greatest common factor of n and x.
37
Suppose -5*f + 34*g - 33*g = 165, -f - 33 = 5*g. Suppose 3*y = -36 + 210. Let v = y + f. What is the highest common divisor of v and 225?
25
Suppose 2*r = -102 + 932. Let q = r + -239. Calculate the highest common factor of q and 22.
22
Suppose -b = 4*i - 13959, 7471 - 523 = 2*i - 4*b. Calculate the highest common factor of i and 32.
32
Let n be (30/5)/3*(-9)/2. Let h(i) = i**2 + 11*i + 18. Let t be h(n). Suppose -7*v + 10*v - 816 = t. What is the greatest common factor of 34 and v?
34
Let f = 1066 - 208. Let v = 7146 - 7142. Suppose v*k = -2*k + f. Calculate the greatest common factor of k and 26.
13
Suppose 6*k + 3*s = -0*k + 9702, 5*s = -k + 1635. Calculate the greatest common factor of 136 and k.
17
Suppose -5*c - 6002 = -58*o + 55*o, 4*c = -3*o + 5939. What is the greatest common divisor of o and 117?
117
Let i(j) = -j**2 - 38*j + 45. Let n be i(-39). Let p(o) = 33*o + 10. Let f be p(n). What is the highest common divisor of f and 13?
13
Let v be (9 - 322/28)*-54. What is the highest common divisor of 459 and v?
27
Suppose 5*f + c = 222, -5*f + 11*c + 234 = 8*c. Suppose 2*k + 3*k = 525. Let a be (k/(-28))/(3/(-12)). What is the highest common divisor of a and f?
15
Suppose -127 = 17*k - 603. Calculate the highest common factor of k and 896.
28
Let i = 3432 - 3306. What is the greatest common divisor of i and 4?
2
Suppose -44*u + 153688 = 10776. What is the highest common factor of 7 and u?
7
Suppose -14*l + 5170 = 760. What is the highest common divisor of 2135 and l?
35
Let n be (15/(495/352))/((-2)/90). Let s be (-18)/(-27) - n/9. Calculate the greatest common divisor of 4 and s.
2
Let h(r) = 3 + 21 - r - 14. Let x be h(8). What is the greatest common factor of 13 and x?
1
Let t(g) = 2*g**2 - 74*g + 142. Let k be t(35). Suppose -m - 401 = -5*a, -k*a + 123 = 4*m - 33. What is the greatest common divisor of 48 and a?
16
Let l(a) = a + 8. Suppose -16*r + 7*r = 45. Let t be l(r). Suppose 3*h - 24 = t. What is the highest common factor of h and 99?
9
Suppose 3*f + 199 = -4*i + 831, i = f + 165. What is the greatest common factor of i and 7?
7
Suppose -5*s = 3*o - 320 + 80, -66 = -o + 3*s. Suppose 2*x = -4*r + 138, 2*r - 19*x + 14*x - o = 0. Calculate the highest common factor of 525 and r.
35
Suppose -2893 = 15*o - 3253. What is the highest common factor of o and 54?
6
Let k be (39/15 + -2)/((-9)/(-270)). Let m be 328/k + 18/(-81). Suppose 0 = 2*s + 2*w - 100, 170 = 3*s - w - w. What is the greatest common factor of m and s?
18
Let r be 65 + -65 + 16 + 3 + -2. Suppose 3*m + 8 = m, 5*m + 22 = g. Let i be (-189)/(-1) + (g - 4). What is the greatest common divisor of r and i?
17
Suppose s - 686 = -131. Suppose -27*p - 69 = -s. What is the highest common factor of 45 and p?
9
Let k be (-4014)/21*(-24 - (-6 + -2 + 12)). What is the greatest common divisor of 24 and k?
24
Let b(f) = 2*f**3 - 4*f**2 + 3*f - 1. Let v be b(2). Suppose 2*m - 4*c - 28 = 0, -v*m - 3*c + 7*c + 100 = 0. Calculate the greatest common divisor of 192 and m.
24
Let y be (-1028)/(-2) + 91/(-91). What is the greatest common divisor of 57 and y?
57
Let s(j) = 185*j + 2928. Let f be s(-12). Calculate the greatest common divisor of f and 295.
59
Let t(m) = -2*m - 32. Let s be t(-17). Let g be 3 + (s - 6) - (-6 - -2). What is the highest common divisor of g and 7?
1
Suppose -10*u + 131 = -9. Let o = u + -5. Let r(q) = 13*q + 3. Let g be r(6). What is the highest common factor of o and g?
9
Let h = 1225 - 1169. Calculate the highest common factor of h and 1652.
28
Suppose -8 = -2*k + 4*a, 0 = -10*k + 11*k + 4*a + 20. Let l be (-12)/(-14)*(-28)/k. What is the greatest common factor of 18 and l?
6
Let d(p) = 15*p**2 - 209*p + 618. Let m be d(3). Calculate the highest common factor of m and 522.
18
Let l be 291 + 0 + 8 + (-14)/(-2). What is the greatest common factor of l and 1122?
102
Suppose -5*r = 2*i - 195 - 1783, -r + 400 = -4*i. What is the highest common factor of r and 1452?
132
Let n be 690/(-575)*(-3027 + -3). Calculate the greatest common factor of 324 and n.
36
Suppose -18*n + 275501 - 233453 = 0. Calculate the greatest common factor of 352 and n.
32
Let f be (-18)/(-2)*68/51. Suppose -f*t + 13*t - 46 = 0. Calculate the greatest common factor of 46 and t.
46
Suppose 0 = -26*m - 1341 + 1757. Calculate the highest common factor of m and 1436.
4
Suppose -1077 + 4953 = 57*i. Calculate the greatest common divisor of 5304 and i.
68
Suppose -3*r + 2996 = -271. What is the greatest common factor of r and 9?
9
Let v be 4/(-34) + 324/153. Let q be (24/12)/(v/24). What is the greatest common divisor of 36 and q?
12
Suppose -j - 10 = -5*h, 0*h - h + 34 = 3*j. Suppose -j*k + 3204 = -k. Suppose y - 112 = 4*f, k = -4*y + 7*y - 2*f. What is the highest common factor of y and 8?
8
Suppose 4*h - 244 = -4*k, 64*k + 4*h = 68*k - 284. What is the highest common divisor of k and 2530?
22
Let j be 7/(-42) + (-6330)/36 + -2. Let u = -165 - j. What is the greatest common divisor of 299 and u?
13
Let d = -8907 - -8924. Calculate the greatest common factor of d and 1088.
17
Let s be 2/(-1 + 3)*-167. Let l = 286 + s. Let c be (-28)/(-32) - (18403/616 + -46). Calculate the greatest common divisor of c and l.
17
Let d be 30*(-5 + 438/90 + (-532)/(-210)). What is the greatest common factor of 4986 and d?
18
Let g be ((-17 - -14)/(-6))/((-1)/(-32)). Suppose n + 794 = 3*a, 17*a - 246 = g*a + 5*n. Calculate the greatest common factor of a and 152.
38
Let w be (23112/(-10))/(198/(-660)). What is the greatest common divisor of w and 72?
72
Suppose -5 = -l - 1, 5*t - 27 = -3*l. Suppose 5*j = -2*v + 947, t*v - 4*j = 6*v - 1438. Calculate the highest common divisor of v and 108.
54
Let d(a) = -7 - 14 + 29 + 146*a**2 + 2*a - 12. Let v be d(1). What is the highest common divisor of 9 and v?
9
Suppose -74885 = -3*g - 2*l, -5*g + 137282 = 4*l + 12469. What is the highest common factor of g and 59?
59
Let h(k) = k**2 + 12*k - 1168. Let m be h(43). Calculate the greatest common divisor of 114 and m.
57
Let q be (39 + -1)*(-18)/(-36). Let f(m) = -5*m + 60. Let s be f(q). Let b be (-161)/(-3) + (-2 - s/15). Calculate the greatest common factor of b and 27.
27
Suppose -16 = -2*m - k - 0*k, 3*m - 4*k - 2 = 0. Suppose m*n = -2*n + 3352. Suppose 8*z - 109 - n = 0. What is the highest common divisor of z and 99?
33
Let g(i) = -12*i + 254. Let p be g(15). Calculate the greatest common divisor of 1406 and p.
74
Let s(a) = 35*a**2 + 6*a + 3. Let c be s(3). What is the highest common factor of c and 192?
48
Let x = 1602 - 1568. What is the highest common factor of x and 16?
2
Suppose -5*f = -2*f - 3. Suppose -5*q - 2*i = 19, 0 = 3*q - 0*q - 4*i + 1. Let z be -1 + 273 - f*q. Calculate the greatest common factor of 25 and z.
25
Suppose -11 = -u, 20*a - 15*a - 2*u = 8. Let l be (18/5)/((-6)/(-80)). Calculate the highest common factor of l and a.
6
Let z be 0 - (-2)/3 - (-125)/15. Let x(w) = -8*w - 2*w**2 + 4*w**2 + 18 - 9 + 0*w**2. Let m be x(z). What is the greatest common factor of m and 11?
11
Let k = 694 - -14282. Calculate the greatest common factor of k and 117.
117
Suppose -46*m + 1188 = 2*m + 36. Calculate the highest common factor of 2268 and m.
12
Let b(x) = -6*x - 10. Let d be b(-10). Suppose -9*j = -5*j - 4*q - 184, j - 2*q - d = 0. What is the highest common factor of 18 and j?
6
Suppose -4*k + 30*s + 17 = 25*s, 5*s - 7 = -4*k. Let y be ((-6)/8)/k - 141525/(-340). Calculate the highest common divisor of y and 32.
32
Suppose 3*i + 1 = 3*z + 19, 5*i - 42 = -z. Suppose 3*a - 34 = -3*g + 107, -2*a + 6 = 0. Let x = -20 + g. Calculate the greatest common